 highest common divisor of 87620 and 195.
65
Calculate the greatest common divisor of 775296 and 144.
144
What is the highest common factor of 1414 and 8638?
14
What is the highest common factor of 188428 and 2176?
68
What is the highest common divisor of 3551 and 7897?
53
Calculate the greatest common divisor of 814979 and 473.
473
Calculate the greatest common divisor of 70 and 109795.
35
Calculate the highest common divisor of 756602 and 308.
154
Calculate the highest common divisor of 2400 and 35850.
150
Calculate the greatest common divisor of 90 and 5340.
30
What is the highest common factor of 246 and 92660?
82
Calculate the greatest common factor of 1330919 and 401.
401
Calculate the highest common factor of 44270 and 1520.
190
What is the highest common factor of 163584 and 25702?
142
Calculate the highest common factor of 14 and 858802.
14
What is the greatest common factor of 95709 and 122?
61
What is the highest common divisor of 32540860 and 110?
110
Calculate the highest common divisor of 1680 and 2164890.
210
Calculate the highest common factor of 4452 and 23604.
84
What is the greatest common factor of 3144388 and 1768?
884
Calculate the highest common factor of 13365 and 693.
99
Calculate the highest common divisor of 180 and 7780.
20
Calculate the greatest common factor of 20762 and 112.
14
What is the greatest common factor of 16 and 745424?
16
Calculate the greatest common factor of 4308 and 24.
12
What is the highest common divisor of 60 and 52980?
60
Calculate the greatest common divisor of 29 and 1195148.
29
Calculate the greatest common factor of 319917 and 3549.
507
What is the greatest common factor of 9550 and 100?
50
What is the greatest common factor of 143 and 22693?
11
What is the greatest common factor of 2877 and 33873?
21
Calculate the greatest common divisor of 686 and 1078.
98
Calculate the greatest common factor of 1633 and 529.
23
Calculate the greatest common divisor of 7047 and 405.
81
What is the greatest common factor of 697 and 29980061?
697
What is the highest common divisor of 331251 and 2?
1
What is the greatest common divisor of 1613500 and 22128?
1844
What is the greatest common divisor of 6196625 and 1114?
557
What is the highest common factor of 164 and 1756?
4
Calculate the highest common factor of 71330 and 35.
35
What is the greatest common divisor of 20935 and 2765?
395
What is the highest common factor of 114612 and 24?
12
Calculate the greatest common divisor of 54 and 99873.
27
What is the highest common factor of 6578 and 250976?
506
What is the greatest common factor of 3 and 45219?
3
What is the greatest common factor of 120400 and 1050?
350
Calculate the highest common divisor of 72 and 3304.
8
What is the highest common divisor of 59248 and 5290?
1058
Calculate the highest common divisor of 10714 and 33.
11
What is the greatest common divisor of 1560 and 4472?
104
Calculate the highest common factor of 1146600 and 490.
490
Calculate the greatest common factor of 2504304 and 272.
272
Calculate the greatest common factor of 144 and 50256.
144
What is the greatest common divisor of 8700 and 4800?
300
Calculate the highest common factor of 27 and 585063.
27
Calculate the greatest common divisor of 13905 and 5.
5
What is the greatest common factor of 4 and 10418?
2
What is the highest common divisor of 826 and 100842?
14
Calculate the highest common factor of 433041 and 357.
357
What is the highest common divisor of 63 and 144900?
63
Calculate the greatest common factor of 861961 and 599.
599
Calculate the greatest common divisor of 1280 and 92.
4
What is the highest common divisor of 1680 and 6510?
210
What is the highest common factor of 116916 and 156?
12
What is the greatest common factor of 23814 and 14308?
98
Calculate the highest common divisor of 397 and 537935.
397
What is the greatest common divisor of 98496 and 240?
48
Calculate the highest common factor of 690 and 89355.
345
What is the highest common factor of 44583 and 1155?
231
Calculate the greatest common factor of 38010 and 1050.
210
Calculate the highest common factor of 33984 and 5192.
472
What is the greatest common factor of 31302 and 33840?
846
Calculate the greatest common divisor of 11648 and 133744.
208
Calculate the highest common factor of 346 and 101724.
346
What is the highest common factor of 880 and 2695?
55
What is the greatest common divisor of 184 and 10212?
92
What is the highest common factor of 8 and 61000?
8
Calculate the highest common factor of 1890 and 78570.
270
Calculate the highest common divisor of 7227 and 1980.
99
Calculate the highest common divisor of 63 and 88452.
63
What is the highest common divisor of 76912 and 14608?
176
Calculate the highest common factor of 29374 and 494.
38
What is the greatest common divisor of 374 and 957?
11
What is the greatest common factor of 1480 and 54205?
185
What is the highest common divisor of 3672 and 38352?
408
Calculate the greatest common factor of 151702 and 13130.
202
What is the highest common factor of 368 and 1712?
16
What is the greatest common factor of 20503 and 180992?
707
What is the greatest common factor of 107770 and 130?
130
What is the highest common factor of 2254 and 461426?
322
Calculate the highest common factor of 175 and 40175.
25
What is the greatest common divisor of 41239 and 759?
253
What is the greatest common factor of 3655 and 561?
17
Calculate the highest common factor of 154 and 126.
14
What is the highest common factor of 3496416 and 66?
66
What is the highest common divisor of 705670 and 420?
70
Calculate the highest common divisor of 12299 and 14809.
251
Calculate the highest common divisor of 834 and 192237.
417
What is the highest common divisor of 25221 and 3444?
21
Calculate the greatest common divisor of 126 and 22365.
63
Calculate the highest common divisor of 6285 and 85057.
419
What is the greatest common factor of 7448 and 35416?
152
What is the greatest common factor of 70975 and 1700?
425
Calculate the greatest common divisor of 141167 and 156.
13
Calculate the greatest common divisor of 4557 and 7903.
7
Calculate the highest common factor of 14 and 4826290.
14
Calculate the highest common divisor of 153 and 8.
1
Calculate the greatest common divisor of 818695 and 730.
365
What is the greatest common factor of 13979 and 77?
7
What is the highest common divisor of 199920 and 50?
10
What is the greatest common factor of 195867 and 126?
63
What is the highest common divisor of 454 and 45173?
227
Calculate the highest common factor of 2550 and 8262.
102
What is the highest common divisor of 181636 and 91?
91
Calculate the highest common factor of 116926 and 17.
17
Calculate the highest common divisor of 160 and 7870.
10
Calculate the greatest common factor of 2944 and 31556.
92
What is the highest common divisor of 32 and 186488?
8
What is the greatest common factor of 1344 and 16?
16
Calculate the greatest common factor of 10 and 694.
2
What is the greatest common factor of 99 and 737?
11
What is the highest common divisor of 1340 and 19564?
268
Calculate the highest common divisor of 122580 and 4860.
540
Calculate the greatest common divisor of 208 and 12608.
16
Calculate the highest common factor of 2822 and 1587126.
166
Calculate the greatest common factor of 207 and 3987.
9
Calculate the greatest common divisor of 35 and 5704265.
35
Calculate the greatest common divisor of 28006 and 38.
38
Calculate the greatest common divisor of 513705 and 345.
345
Calculate the greatest common factor of 1071 and 203.
7
Calculate the greatest common factor of 34485 and 1425.
285
Calculate the greatest common divisor of 12384 and 40.
8
What is the greatest common factor of 36 and 249921?
9
What is the greatest common factor of 74905 and 2?
1
Calculate the greatest common divisor of 9924 and 24.
12
What is the highest common factor of 1715 and 13821185?
1715
What is the greatest common divisor of 130 and 269490?
130
What is the greatest common factor of 126975 and 725?
25
Calculate the greatest common divisor of 24714943 and 61.
61
What is the highest common divisor of 16263 and 2691?
117
Calculate the greatest common factor of 250764 and 12.
12
What is the greatest common factor of 58619 and 33?
11
Calculate the gre